be 4 + (-4 - (-4 - 0)). Suppose -t*p = -0*p - 3*y - 1581, -3*p + 1194 = -5*y. Let o = p + -224. What is the hundreds digit of o?
1
Let d(k) be the second derivative of 35/6*k**3 - 16*k**2 + 33*k + 0. What is the tens digit of d(7)?
1
Let b be 1 - -10 - (-6 - -12). Suppose -b = 5*w, 0*r - 4*w = -3*r + 1405. What is the tens digit of r?
6
Let l be (8/6)/((-11)/33). Let u be 6/l + ((-378)/(-12))/9. Suppose u*r - 47 = n + 14, 81 = 3*r - 5*n. What is the units digit of r?
2
Let q be (-17)/6 - (-16)/(-96). Let n be 240/12*q/(-5). Let y(c) = 12*c - 72. What is the units digit of y(n)?
2
What is the tens digit of 4/((-6362472)/334872 + 19)?
5
Suppose -11*h + 374935 = -214049. What is the units digit of h?
4
What is the tens digit of 57/2*6160/924?
9
Let w(z) = -54*z**3 - 8*z**2 + 109. What is the hundreds digit of w(-9)?
8
Let q(o) be the first derivative of 6*o**3 - 47*o**2 - 7*o - 62. What is the units digit of q(10)?
3
Suppose -5*s = 2*u - 43, -86 = -3*u - 3*s - 8. Suppose 16*i + 1859 = u*i. What is the hundreds digit of i?
1
Suppose 4*g - c = 209, 2*g + 127 = 4*g - 5*c. Let n be (g/9 - 5)*6. Suppose -n*s - 4*t = -316, 5*s + 2*t + 2*t - 398 = 0. What is the units digit of s?
2
Let g(l) = -l**3 + 14*l**2 - 25*l + 15. Let i be g(12). Suppose -2*d = -k + 247 + 164, -3*k + i*d = -1221. What is the units digit of k?
3
Let f = -168 - -161. What is the units digit of ((-290)/f)/(8 + 330/(-42))?
0
Suppose -5*m + 9 = -4*n + 59, 5*n + 11 = m. Let q(t) = 3*t**2 - 8*t - 69. What is the tens digit of q(m)?
3
Let b(a) = a**3 + 8*a**2 - 9*a - 6. Let p be (-6 - -8)/((-4)/(-6))*-3. Let t be b(p). Let y = t + 23. What is the tens digit of y?
1
Let b(x) = 141*x**2 - 13*x + 3. What is the thousands digit of b(-4)?
2
What is the ten thousands digit of ((-2030000)/245 - -8)/((-1)/7)?
5
Let z be 8 - (0 - (-2)/2). Let x = -1299 - -2465. Suppose 0 = -5*s - 2*g + 1459, -4*s + z*g - 9*g = -x. What is the units digit of s?
3
Suppose 5*z - r = 3*z + 5020, -4*z = -5*r - 10028. Suppose 10*l = 6*l + z. What is the hundreds digit of l?
6
What is the hundreds digit of 225/315 + (-319274)/(-14)?
8
Let s = -13180 - -26934. What is the hundreds digit of s?
7
Let v(j) = j**3 - 17*j**2 - 324*j + 77. What is the ten thousands digit of v(36)?
1
Let j be (18*6*(-5)/10)/2. What is the thousands digit of (-1)/(j/31284) - 1/(-3)?
1
Suppose -37*t + 109*t = 1575792. What is the hundreds digit of t?
8
Let p = 59629 - 5253. What is the ten thousands digit of p?
5
Let b(y) = 401*y - 2103. What is the tens digit of b(22)?
1
Let d(t) = 40*t**2 + 3*t + 2. Let u be d(-1). Let p = u - 37. Suppose p*i - 4*g = 32, 33 + 62 = 5*i - 5*g. What is the tens digit of i?
2
Let k(y) be the third derivative of 0 + 28*y**2 - 9/2*y**3 - 1/6*y**4 + 0*y. What is the units digit of k(-7)?
1
Let h = -103 + 159. Suppose -13*y = y - h. What is the units digit of y/(-4) + 1/(3/18)?
5
Let p(c) = 2*c**3 - 167*c**2 + 35*c - 223. What is the units digit of p(84)?
3
What is the tens digit of (-843168)/(-264) - (4/14 - 72/154)?
9
Let l be (-32 - -45) + 6/1. Suppose -29438 = -l*m - 7778. What is the tens digit of m?
4
Suppose -3*z = 3*u - 279, -4*z - u + 279 = -z. Suppose -1790 = -95*s + z*s. What is the units digit of s?
5
Let l be (5/(-15))/(3/(-27)). Let m be ((-2)/4*l)/(15/(-50)). What is the units digit of 20 + m/10*(-2 + 2)?
0
Let s(c) = c**2 + 9*c + 2. Let r be s(-9). Let t(y) = -3*y + 37*y**r - 35*y**2 - 13 - 11*y. What is the tens digit of t(10)?
4
Let d be 133425/(-30)*12/(-10). Suppose 0 = -98*w + 89*w + d. What is the units digit of w?
3
Suppose 2*b + 5*f + 7435 = 47100, -39728 = -2*b + 4*f. What is the tens digit of b?
5
Suppose -9214 = -2*s + 2*f + 3146, -12320 = -2*s + 12*f. What is the tens digit of s?
8
Let h(i) = 2111*i - 7. Let l be h(2). Suppose 13*q + 718 - l = 0. What is the tens digit of q?
6
Let z(l) = l**3 + 16*l**2 + 15*l + 6. Let t be z(-15). Suppose 2406 = t*k - 2916. What is the hundreds digit of k?
8
Let w(z) = 163*z - 5. Suppose 0 = 32*u - 26*u - 12. Let l be w(u). Let m = l + -109. What is the tens digit of m?
1
Let p be ((-6)/9)/((-6)/7119). Let c be 3*1 - (-8 + 10 + -1). Suppose -c*x = 5*x - p. What is the tens digit of x?
1
Suppose -12*m = -m - 55. Suppose 114 = 5*v - 3*v - 2*i, -m*i = 4*v - 192. Let p = 304 - v. What is the hundreds digit of p?
2
Let n(v) = -v**3 - 3*v**2 + 2*v + 4. Let c be n(2). Let g(u) = -10*u - 25. Let f be g(c). Suppose -7 = q - 3, -5*q = 5*t - f. What is the units digit of t?
3
Let h(v) = v + 17. Let q be h(-7). Let c be q*7/22 - 26/143. Suppose -275 = -c*s + n, -3*n = s - 3*s + 188. What is the units digit of s?
1
Suppose -z + 5 = -18. Suppose -5*i = -l + z, 2*l - 5*l + 3*i + 21 = 0. What is the tens digit of (-6)/(2*l/(-100))?
0
What is the thousands digit of (4 - -20648) + -4 - (49 + -50)?
0
What is the ten thousands digit of 962585/91 - (-4 + 108/28)?
1
Suppose 6*m - 67900 = -8*m. Suppose 8*g - 1620 = -o + 7*g, 0 = -3*o + 2*g + m. What is the hundreds digit of o?
6
Let c be (1 + 0 - 2) + 1. Let u be 9 + (78 + -10 - 11). Suppose t = -c*t + u. What is the tens digit of t?
6
Suppose -5946 = -86*r + 58812. What is the units digit of r?
3
Suppose -2*j + 5*j = 3*q - 3, 0 = 5*j + 3*q + 21. Let m be 14*2/4 + j. Suppose 9*a = m*a + 200. What is the tens digit of a?
4
Let p = 51 - 39. Let u(i) = -p + i - i**3 - 4*i + 4*i + 14*i**2. What is the units digit of u(14)?
2
What is the hundreds digit of (-5)/(0 - 1)*(-68622)/30*-3?
3
Suppose 2*c - 339 - 240 - 697 = 0. What is the hundreds digit of c?
6
Suppose 4*y = -3*o + 6884 + 6747, 2*y - 4545 = -o. What is the hundreds digit of o?
5
Suppose -155*c + 5054276 = -1652729. What is the hundreds digit of c?
2
Let v(y) be the third derivative of y**6/120 + 19*y**5/60 - 11*y**4/24 + 61*y**3/6 + y**2 - 8*y. What is the tens digit of v(-19)?
7
Suppose -4*z - 4*h = -3*h - 4022, 0 = -5*z - 2*h + 5032. What is the units digit of z?
4
Suppose -548*d = -128*d - 12701220. What is the units digit of d?
1
Let b(h) = 44*h - 144. Suppose 1 = f + 5, g + 5*f + 8 = 0. What is the hundreds digit of b(g)?
3
Suppose -265*n - 158477 + 5622247 = 0. What is the units digit of n?
8
Let d be (158 - 0)/((-7)/462*-6). Suppose 166 + d = 7*g. What is the tens digit of g?
7
Suppose 85*r - 8 = 83*r. Let z = r + 409. What is the hundreds digit of z?
4
Let r = -912 - -1745. Let a = r + -242. What is the tens digit of a?
9
Let j = 9364 + 6463. What is the units digit of j?
7
Let m(n) = -n**2 - 3*n + 9. Let v be m(-4). Suppose -5*r = 3*x - 57 + 18, 5*r - 45 = -v*x. Suppose 0*h = -r*h + 1704. What is the tens digit of h?
8
What is the units digit of (49/98)/(1/2180)?
0
Let a(d) = 1291*d - 3259. What is the thousands digit of a(18)?
9
Let n(b) = 3*b**3 - 62*b**2 - 148*b - 147. What is the tens digit of n(34)?
6
Suppose 2694 = 14*d - 55966. What is the units digit of d?
0
Suppose -14437*z = -14414*z - 336306. What is the ten thousands digit of z?
1
Let m(j) = 2*j**3 - 8*j**2 + 6*j - 26. Let p be m(12). Suppose -6*n - p = -11*n. What is the hundreds digit of n?
4
Let u be -2*(-8 + 27465/(-10)). Suppose -17*j + u = -22592. What is the tens digit of j?
5
Let g(o) = 1 + 1 + 5*o + 4 + 3*o. Suppose 28*r - 975 = -11*r. What is the hundreds digit of g(r)?
2
What is the hundreds digit of 7*(-3306)/(-232)*(165 - 1)?
3
Let o(x) = 2*x**2 - 76*x + 25. What is the hundreds digit of o(-42)?
7
Suppose 50*z + 16 = 52*z. Suppose 0*l = z*l - 1848. What is the hundreds digit of l?
2
Suppose 40 = -2*w - 3*w - 5*t, 0 = 3*w + 4*t + 27. Let a = -1 - w. What is the units digit of (-4 - -12)/(3*a/168)?
2
Suppose -617*x - 185220 = -638*x. What is the thousands digit of x?
8
Let r(g) = -3*g - 17. Let h be r(-7). Suppose -3*j + 1134 = h*j. Suppose 0 = -i + 3*d + 73, -i = i - 2*d - j. What is the units digit of i?
5
Let t be (-558)/(-8) - 24/32. Suppose 4*d - t - 195 = 0. Let z = d - -24. What is the tens digit of z?
9
Let b = -3 + 11. Suppose -7*p + b*p = 151. Let u = p + -89. What is the tens digit of u?
6
Suppose 6 = 5*q - 4*a, -q + 0*q = -2*a. Let m(n) = 5 - n**2 - n - 4 + 32*n**3 + 2*n**q. What is the tens digit of m(1)?
3
Suppose 0 = -5*h - 6*h + 33. Suppose h*n + j = -3, 2*n = 4*n - 2*j - 6. Suppose 0*s - s + 201 = n. What is the tens digit of s?
0
Suppose 46*o = 31*o + 165. Suppose 0 = o*k